lculate the remainder when 63 - (-2)/(-7)*7 is divided by g.
29
Let c(z) = 8*z - 3. Let j be c(1). Suppose -11 - 10 = -3*g + 4*s, 0 = 5*g + j*s. Calculate the remainder when (-3)/(g/(-80)) - -3 is divided by 17.
15
Let m(f) = -2*f**3 - 3*f**2 - 7*f - 4. Let w be (-10)/5*(-1 - -3). Let q be m(w). Suppose 2*u = 6*u - q. Calculate the remainder when u is divided by 9.
8
Suppose -3*x + 37 = -3*k + 2*x, -5*k = 3*x + 39. Let j = k - -22. Suppose 4*a - 1 = 5*c - 36, -5*c + a + 35 = 0. Calculate the remainder when j is divided by c.
6
Suppose 5*d - 171 - 164 = 0. What is the remainder when d is divided by 34?
33
Let x(h) be the second derivative of -h**5/20 - 5*h**4/4 - 7*h**3/2 - 5*h**2/2 - 27*h. What is the remainder when x(-14) is divided by 24?
21
Suppose 180 = 2*y - 10*b + 7*b, 0 = -4*b - 8. What is the remainder when y is divided by 13?
9
Let l(w) = -2*w - 3. Suppose 3*f - 4*f - 2 = 0. Let c be l(f). Suppose -11 - c = -3*j. Calculate the remainder when j is divided by 3.
1
Let q(r) = -r**3 + 2*r**2 + 2*r - 1. Let x be 4/(-32) - (-135)/(-8). What is the remainder when ((-1 - -1) + 1)/((-1)/x) is divided by q(2)?
2
Suppose 5*h + 12 = 2*f, -3*h = 2*f - 6*h - 12. What is the remainder when 27 is divided by (4/f)/((-4)/(-1*36))?
3
Let d(v) = v**3 - 26*v**2 + 27*v + 16. Calculate the remainder when d(25) is divided by 37.
29
Suppose -4*x + 66 - 34 = 0. Calculate the remainder when 44 is divided by x.
4
Suppose -2*l + l = -4. Suppose -3*n + 124 = l*d, 2*n = -2*n - 3*d + 163. Calculate the remainder when n is divided by (-2 + 0)*(-63)/6.
19
Let s = 65 - 39. Suppose -5*n - 1093*m + 229 = -1095*m, -4*m - 233 = -5*n. Calculate the remainder when n is divided by s.
19
Let n = -59 + 73. What is the remainder when 40 is divided by n?
12
Let r(p) = -p**2 - 5*p + 12. Suppose 10 = 2*b - 2*t, 9*t = b + 4*t + 7. Let l be r(b). Calculate the remainder when l/(-22) + (-6)/33 is divided by 2.
0
Let d = -268 + 327. What is the remainder when d is divided by 56?
3
Let x be (-1)/(3*(-1)/24). Suppose j = 2*j - x. What is the remainder when 20 is divided by j?
4
Calculate the remainder when (165/66*(-106)/30)/(2/(-12)) is divided by (-84)/(-10) + 4/(-10).
5
What is the remainder when 172 is divided by (-2)/(-21) + 166/21?
4
Let c(f) be the first derivative of -7*f**2 - 9*f - 1. Suppose -2*l + 19 = m, -3*l - 2*l - 10 = 0. Calculate the remainder when c(-7) is divided by m.
20
What is the remainder when 81 is divided by (0 - 1) + -3 + 4 + 25?
6
Let m(l) = l**3 - 3*l**2 + l + 4. Let a be m(3). Let x = 30 - a. Suppose -5*n + 127 - x = -3*t, t - 68 = -3*n. What is the remainder when n is divided by 8?
6
Let f = -53 + 38. Let m be (5 - 4)/((-3)/f). Suppose 0 = -m*q - 4*q + 234. Calculate the remainder when 76 is divided by q.
24
Suppose -h - 5*v + 19 = 0, 3*v - 25 = -3*h - h. Suppose -5*c = -4*g + 431, 54 = 5*g - h*c - 487. Calculate the remainder when g is divided by 28.
25
Suppose 0*w + 12 = 3*w. Suppose 3*b - 243 = -w*x, -b - 243 = -4*b + 5*x. What is the remainder when b is divided by 21?
18
Suppose 4*s + 7 = 23. Suppose s*g + 20 = 416. Calculate the remainder when g is divided by 34.
31
Suppose -42 = -5*n - 4*z, -3*n + z + 9 = -2*z. Suppose -n = -15*q + 14*q. What is the remainder when 15 is divided by q?
3
Let y(g) = -2*g**2 - 12*g - 1. Let o(l) = -5*l**2 - 36*l - 3. Let u(i) = -3*o(i) + 8*y(i). Calculate the remainder when 129 is divided by u(8).
30
Let p(f) = f**2 + 2*f. Let i be p(-2). Suppose i*l = -l + 2. Suppose 2*u + 3*q - 65 = -l*u, 4*q - 30 = -2*u. Calculate the remainder when 49 is divided by u.
15
What is the remainder when 1 - ((-42)/((-35)/5) + -46) is divided by 5?
1
Suppose -9*s = -7*s + 20. Let j(h) = h**3 + 8*h**2 - 19*h + 24. Calculate the remainder when 81 is divided by j(s).
11
Let w = -1 + 37. Suppose w = -5*n + 6*n. Calculate the remainder when 143 is divided by n.
35
Suppose -6 = 3*i, 2223 = 2*d + 3*d - 4*i. Let w = d - 254. What is the remainder when w is divided by 32?
29
Let j be 900/(-8)*(-8)/10. Suppose 0 = -5*f + 5*c - 4*c + j, -c = -5. What is the remainder when 47 is divided by f?
9
Let c = 74 - -13. What is the remainder when c is divided by (-4788)/(-217) - (-2)/(-31)?
21
Let q be (2 + 0 - 2) + 20. Let v be (6/4)/((-3)/q). Let o = 16 + v. What is the remainder when 22 is divided by o?
4
Suppose 4*k - 66 = b - 349, -3*b + 827 = -k. Suppose 3*h - 39 = -5*y + b, -4*y + 241 = -h. What is the remainder when y is divided by 32?
29
Let k = -189 - -210. What is the remainder when 124 is divided by k?
19
Let n(x) = -x**3 + 14*x**2 + 16*x - 10. Let l be n(15). Let k be (l - -1)/(4/(-22)). Let t = -6 - k. What is the remainder when 79 is divided by t?
25
Suppose 5*m = 9 + 11. Let v be -7*(-2)/(-3)*6. Let f = -13 - v. What is the remainder when f is divided by m?
3
Suppose -12*c = -3*c - 189. Calculate the remainder when (91/c - 5) + 148/6 is divided by 13.
11
Let n be (-27)/3*(-4)/12. Let o be (n/2)/(3/30). Suppose 3*d + 6 = o. What is the remainder when 10 is divided by d?
1
Let b(u) = -1 - 2*u**2 + 3*u**2 - u - 1. Let i(s) = s**3 + 75*s**2 + 73*s - 60. Calculate the remainder when i(-74) is divided by b(3).
2
Let y = 371 + -222. Let q(n) = 6*n - 10. Calculate the remainder when y is divided by q(8).
35
Let m be (-3)/(12/(-100)) + 1. Suppose 5*n - 60 = 5*q, -n - 2 + m = -4*q. What is the remainder when 46 is divided by n?
6
Suppose 0 = -3*s - 3, 3*s = 4*a + 7*s - 88. What is the remainder when 57 is divided by a?
11
Let n = -46 + 50. Suppose n*z = 2*z + 14. What is the remainder when 33 is divided by z?
5
Suppose 51 = 6*c - 33. Let t = 11 - 4. What is the remainder when c is divided by t + -3 - 1/(-1)?
4
Let m(n) = 3*n**3 + 2*n**2 + 4*n + 3. Let b be m(-2). Let z = b - -9. Let j = z - -17. Calculate the remainder when 7 is divided by j.
2
Let w(k) = 92*k - 16 + k**2 - 92*k. What is the remainder when w(-7) is divided by 12?
9
Let o(m) = -m**3 + 4*m**2 + m - 6. Calculate the remainder when 14 is divided by o(3).
2
Let g = -97 - -107. Let x(q) = -2*q + 2. Let v be x(-4). Suppose 0 = -y + 39 - v. Calculate the remainder when y is divided by g.
9
Suppose 1472 = 22*t + t. What is the remainder when t is divided by 13?
12
Let p = -191 - -634. What is the remainder when p is divided by 64?
59
Let h = 33 + -11. Let r = h + -15. Suppose 0 = -78*j + 82*j - 44. What is the remainder when j is divided by r?
4
Suppose -4*i + 9 = 5*z, -60*i - 21 = -62*i + 3*z. What is the remainder when 147 is divided by i?
3
Calculate the remainder when 241 is divided by (6/(-12))/(1/(-10)).
1
Suppose 0 = 23*h + 10*h - 957. What is the remainder when h is divided by 10?
9
Suppose -x + 0*g = 4*g - 26, -5*x + 180 = -5*g. Suppose u = -0*u + x. What is the remainder when 99 is divided by u?
31
Let x(t) be the first derivative of t**4/4 - t**3/3 + t**2/2 + 1. Calculate the remainder when 7/((-70)/(-208)) + 1/5 is divided by x(2).
3
Let m = 12 + -9. Suppose -m*i + 122 = 5*t, 3*t + i = t + 49. Calculate the remainder when t is divided by 9.
7
Let y = -22 - -25. Suppose y*j - 8 = 67. Suppose 3*s = -5*m + 125 + 112, 3*s - 228 = -2*m. Calculate the remainder when s is divided by j.
24
Suppose 2*c - 5*c = r - 55, c + 291 = 5*r. Let v(n) = -7 - 9*n + 0*n + 4 + 5. Calculate the remainder when r is divided by v(-2).
18
Suppose 4*g - 3*l - 232 - 205 = 0, 3*g = -5*l + 306. Calculate the remainder when g is divided by 17.
5
Suppose 3 = 5*s - 67. Calculate the remainder when 894 is divided by s.
12
Let q = -16 + 18. Suppose -q*g + g = -82. Calculate the remainder when g is divided by (-343)/(-21) + 4/6.
14
Suppose -5*g + c + 411 = 0, -38 = -3*g - 5*c + 203. Calculate the remainder when 240 is divided by g.
76
Suppose 3*l = 98 + 49. Let x = -12 - -38. What is the remainder when l is divided by x?
23
Let n = 1460 - 732. Calculate the remainder when n is divided by 17.
14
Let m = -737 - -860. What is the remainder when m is divided by 6?
3
Let k be 2/4 + 6/4. Suppose -k = 4*r - 70. What is the remainder when r is divided by 12?
5
Let m be (-1)/(-2)*0*(-1)/3. Suppose 2*i + 19 - 41 = m. What is the remainder when 40 is divided by i?
7
Let i = -35 + 37. Suppose i*c - 14 = 112. Calculate the remainder when c is divided by 33.
30
Let c = -2 - -6. Let w(j) = 21*j**2 - 2*j - 1. Let k be w(-1). Calcula